{"id":215,"date":"2013-05-08T07:49:44","date_gmt":"2013-05-08T07:49:44","guid":{"rendered":"http:\/\/eurosigdoc.acm.org\/isdoc\/?page_id=215"},"modified":"2013-07-08T14:33:57","modified_gmt":"2013-07-08T14:33:57","slug":"wte","status":"publish","type":"page","link":"http:\/\/eurosigdoc.acm.org\/isdoc\/workshops\/wte\/","title":{"rendered":"Workshop on Technological Entrepreneurship"},"content":{"rendered":"<h2><strong>Workshop on Technological Entrepreneurship (Eurosigdoc\/ACM)<\/strong><\/h2>\n<p><strong>Lisbon, 11 July 2013<\/strong><\/p>\n<p>Workshop chair: Jos\u00e9 Paulo Esperan\u00e7a (ISCTE-IUL, Audax)<\/p>\n<p>Program Committee<\/p>\n<ul>\n<li>Carlos J. Costa, ISCTE-IUL<\/li>\n<li>Gon\u00e7alo Amorim, ISCTE-IUL<\/li>\n<li>Rui Batista, IST, UTL<\/li>\n<li>Sandro Menden\u00e7a, ISCTE-IUL<\/li>\n<li>Susana C. Santos, ISCTE-IUL<\/li>\n<\/ul>\n<p><strong>Program<\/strong><\/p>\n<p><strong>16:30-18:00 Paper Session<\/strong><\/p>\n<ul>\n<li>Transitions in innovation frameworks<br \/>\nSandro Mendon\u00e7a<\/li>\n<li>one4all \u2013 e-mail and instant messaging aggregator<br \/>\nDiogo Ribeiro, Filipe Janu\u00e1rio, Hugo Melo, Walid Haider<\/li>\n<li>Solutions to conditioning freight<br \/>\nAna Mendes, Jos\u00e9 Gomes, Carlos Garcia<\/li>\n<\/ul>\n<p><strong>16:30-18:00 Panel<\/strong><\/p>\n<ul>\n<li>Jos\u00e9 Paulo Esperan\u00e7a &#8211; Pro-Rector for Entrerneurship ISCTE-IUL (Session chair)<\/li>\n<li>Jorge Sales Gomes, Brisa Inova\u00e7\u00e3o<\/li>\n<li>Santiago Salazar, CEO and Founder Busy Angels<\/li>\n<li>Virgilio Cruz Machado, UNIDEMI \/ FCT UNL<\/li>\n<li>Gon\u00e7alo Amorim, BGI Exec. Director (MIT-IUL venture)<\/li>\n<\/ul>\n<p><strong>Jos\u00e9 Paulo Esperan\u00e7a<\/strong> is the chair of the panel. He is Pr\u00f3-Rector for Entrepreneurship from ISCTE-IUL. Jos\u00e9 Paulo Esperan\u00e7a is also Chairman of Audax.<\/p>\n<p><strong>Jorge Sales Gomes,<\/strong> from Brisa Inova\u00e7\u00e3o, will give the corporate perspective\/ industry and collaboration\/research with knowledge centers \/ Universities and research centers.<\/p>\n<p><strong>Santiago Salazar<\/strong>, CEO and Founder Busy Angels &#8211; Bringing the perspective of early stage investment and de-risking.<\/p>\n<p><strong>Virgilio Cruz Machado<\/strong>, UNIDEMI \/ FCT UNL, analyses the paradigm shift in the academia: The entrepreneurial university.<\/p>\n<p><strong>Gon\u00e7alo Amorim<\/strong>, BGI Exec. Director,\u00a0 is specialist in the technology transfer and early commercialization challenges: From idea, to product, to Business.<\/p>\n<p>&nbsp;<\/p>\n<p>&nbsp;<\/p>\n<p style=\"text-align: center;\"><a href=\"http:\/\/eurosigdoc.acm.org\/isdoc\/wp-content\/uploads\/2013\/05\/ISCTE.png\"><img decoding=\"async\" loading=\"lazy\" class=\"alignnone size-full wp-image-250\" alt=\"ISCTE\" src=\"http:\/\/eurosigdoc.acm.org\/isdoc\/wp-content\/uploads\/2013\/05\/ISCTE.png\" width=\"504\" height=\"68\" \/><\/a><\/p>\n<p><a href=\"http:\/\/eurosigdoc.acm.org\/isdoc\/wp-content\/uploads\/2013\/05\/audax.jpg\"><img decoding=\"async\" loading=\"lazy\" class=\"size-full wp-image-255 aligncenter\" alt=\"audax\" src=\"http:\/\/eurosigdoc.acm.org\/isdoc\/wp-content\/uploads\/2013\/05\/audax.jpg\" width=\"355\" height=\"142\" srcset=\"http:\/\/eurosigdoc.acm.org\/isdoc\/wp-content\/uploads\/2013\/05\/audax.jpg 355w, http:\/\/eurosigdoc.acm.org\/isdoc\/wp-content\/uploads\/2013\/05\/audax-300x120.jpg 300w, http:\/\/eurosigdoc.acm.org\/isdoc\/wp-content\/uploads\/2013\/05\/audax-137x55.jpg 137w\" sizes=\"(max-width: 355px) 100vw, 355px\" \/><\/a><\/p>\n<h2 align=\"CENTER\"><strong>\u00a0<\/strong><\/h2>\n","protected":false},"excerpt":{"rendered":"<p>Workshop on Technological Entrepreneurship (Eurosigdoc\/ACM) Lisbon, 11 July 2013 Workshop chair: Jos\u00e9 Paulo Esperan\u00e7a (ISCTE-IUL, Audax) Program Committee Carlos J. Costa, ISCTE-IUL Gon\u00e7alo Amorim, ISCTE-IUL Rui Batista, IST, UTL Sandro Menden\u00e7a, ISCTE-IUL Susana C. Santos, ISCTE-IUL Program 16:30-18:00 Paper Session Transitions in innovation frameworks Sandro Mendon\u00e7a one4all \u2013 e-mail and [&hellip;]<\/p>\n","protected":false},"author":1,"featured_media":0,"parent":196,"menu_order":0,"comment_status":"closed","ping_status":"closed","template":"","meta":{"footnotes":""},"_links":{"self":[{"href":"http:\/\/eurosigdoc.acm.org\/isdoc\/wp-json\/wp\/v2\/pages\/215"}],"collection":[{"href":"http:\/\/eurosigdoc.acm.org\/isdoc\/wp-json\/wp\/v2\/pages"}],"about":[{"href":"http:\/\/eurosigdoc.acm.org\/isdoc\/wp-json\/wp\/v2\/types\/page"}],"author":[{"embeddable":true,"href":"http:\/\/eurosigdoc.acm.org\/isdoc\/wp-json\/wp\/v2\/users\/1"}],"replies":[{"embeddable":true,"href":"http:\/\/eurosigdoc.acm.org\/isdoc\/wp-json\/wp\/v2\/comments?post=215"}],"version-history":[{"count":13,"href":"http:\/\/eurosigdoc.acm.org\/isdoc\/wp-json\/wp\/v2\/pages\/215\/revisions"}],"predecessor-version":[{"id":220,"href":"http:\/\/eurosigdoc.acm.org\/isdoc\/wp-json\/wp\/v2\/pages\/215\/revisions\/220"}],"up":[{"embeddable":true,"href":"http:\/\/eurosigdoc.acm.org\/isdoc\/wp-json\/wp\/v2\/pages\/196"}],"wp:attachment":[{"href":"http:\/\/eurosigdoc.acm.org\/isdoc\/wp-json\/wp\/v2\/media?parent=215"}],"curies":[{"name":"wp","href":"https:\/\/api.w.org\/{rel}","templated":true}]}}